{"id":72,"date":"2025-03-21T12:18:22","date_gmt":"2025-03-21T11:18:22","guid":{"rendered":"https:\/\/culture-pool.com\/?page_id=72"},"modified":"2025-03-21T14:19:27","modified_gmt":"2025-03-21T13:19:27","slug":"aktuelles","status":"publish","type":"page","link":"https:\/\/culture-pool.com\/?page_id=72","title":{"rendered":"Aktuelles"},"content":{"rendered":"\n<div class=\"wp-block-columns is-layout-flex wp-container-core-columns-is-layout-28f84493 wp-block-columns-is-layout-flex\">\n<div class=\"wp-block-column is-layout-flow wp-block-column-is-layout-flow\" style=\"flex-basis:15%\"><\/div>\n\n\n\n<div class=\"wp-block-column is-layout-flow wp-block-column-is-layout-flow\" style=\"flex-basis:70%\"><ul class=\"wp-block-latest-posts__list has-dates wp-block-latest-posts\"><li><div class=\"wp-block-latest-posts__featured-image aligncenter\"><img loading=\"lazy\" decoding=\"async\" width=\"918\" height=\"481\" src=\"https:\/\/culture-pool.com\/wp-content\/uploads\/2025\/12\/251204_3OneWorld.png\" class=\"attachment-large size-large wp-post-image\" alt=\"\" style=\"\" srcset=\"https:\/\/culture-pool.com\/wp-content\/uploads\/2025\/12\/251204_3OneWorld.png 918w, https:\/\/culture-pool.com\/wp-content\/uploads\/2025\/12\/251204_3OneWorld-300x157.png 300w, https:\/\/culture-pool.com\/wp-content\/uploads\/2025\/12\/251204_3OneWorld-768x402.png 768w\" sizes=\"auto, (max-width: 918px) 100vw, 918px\" \/><\/div><a class=\"wp-block-latest-posts__post-title\" href=\"https:\/\/culture-pool.com\/?p=562\">Video: Inspiration\/One World<\/a><time datetime=\"2025-12-04T19:17:58+01:00\" class=\"wp-block-latest-posts__post-date\">4. Dezember 2025<\/time><div class=\"wp-block-latest-posts__post-excerpt\">Live auf der Freilichtb\u00fchne M\u00fclheim an der Ruhr, 4. Juni 2025 Das offizielle Musikvideo zu &#8222;Prelude \/ Inspiration \/ One World&#8220; von Culture Pool \u2013 ein genau 10-min\u00fctiges Medley, bestehend aus 3 Musikst\u00fccken, und gleichzeitig eine musikalische Reise mit gro\u00dfer Dynamik, groovenden Beats und viel Abwechselung. 04.06.2025, Freilichtb\u00fchne, M\u00fclheim an der Ruhr. &#x1f4f1; Folgt Culture\u2026\u00a0<a class=\"wp-block-latest-posts__read-more\" href=\"https:\/\/culture-pool.com\/?p=562\" rel=\"noopener noreferrer\"><span class=\"screen-reader-text\">Video: Inspiration\/One World <\/span>weiterlesen<\/a><\/div><\/li>\n<li><div class=\"wp-block-latest-posts__featured-image aligncenter\"><img loading=\"lazy\" decoding=\"async\" width=\"929\" height=\"490\" src=\"https:\/\/culture-pool.com\/wp-content\/uploads\/2025\/12\/251204_2OohYeah.png\" class=\"attachment-large size-large wp-post-image\" alt=\"\" style=\"\" srcset=\"https:\/\/culture-pool.com\/wp-content\/uploads\/2025\/12\/251204_2OohYeah.png 929w, https:\/\/culture-pool.com\/wp-content\/uploads\/2025\/12\/251204_2OohYeah-300x158.png 300w, https:\/\/culture-pool.com\/wp-content\/uploads\/2025\/12\/251204_2OohYeah-768x405.png 768w\" sizes=\"auto, (max-width: 929px) 100vw, 929px\" \/><\/div><a class=\"wp-block-latest-posts__post-title\" href=\"https:\/\/culture-pool.com\/?p=557\">Video: Ooh Yeah<\/a><time datetime=\"2025-12-04T19:10:09+01:00\" class=\"wp-block-latest-posts__post-date\">4. Dezember 2025<\/time><div class=\"wp-block-latest-posts__post-excerpt\">Live auf der Freilichtb\u00fchne M\u00fclheim an der Ruhr, 4. Juni 2025 &#x1f3a5; CULTURE POOL &#8211; OOH YEAH (Official Music Video) Das offizielle Musikvideo zu &#8222;Ooh Yeah&#8220; von Culture Pool \u2013 das groovige Opening-St\u00fcck vieler Live-Auftritte. 04.06.2025, Freilichtb\u00fchne, M\u00fclheim an der Ruhr. &#x1f4f1; Folgt Culture Pool: Instagram \u2192 &nbsp;&nbsp;\/&nbsp;klangweltstudio&nbsp;&nbsp; YouTube \u2192 &nbsp;&nbsp;&nbsp;\/&nbsp;@culturepool9267&nbsp;&nbsp; &#x1f3ac; Produktion: Ralf Jahn\u2026\u00a0<a class=\"wp-block-latest-posts__read-more\" href=\"https:\/\/culture-pool.com\/?p=557\" rel=\"noopener noreferrer\"><span class=\"screen-reader-text\">Video: Ooh Yeah <\/span>weiterlesen<\/a><\/div><\/li>\n<li><div class=\"wp-block-latest-posts__featured-image aligncenter\"><img loading=\"lazy\" decoding=\"async\" width=\"900\" height=\"460\" src=\"https:\/\/culture-pool.com\/wp-content\/uploads\/2025\/12\/251204_1Sunlight.png\" class=\"attachment-large size-large wp-post-image\" alt=\"\" style=\"\" srcset=\"https:\/\/culture-pool.com\/wp-content\/uploads\/2025\/12\/251204_1Sunlight.png 900w, https:\/\/culture-pool.com\/wp-content\/uploads\/2025\/12\/251204_1Sunlight-300x153.png 300w, https:\/\/culture-pool.com\/wp-content\/uploads\/2025\/12\/251204_1Sunlight-768x393.png 768w\" sizes=\"auto, (max-width: 900px) 100vw, 900px\" \/><\/div><a class=\"wp-block-latest-posts__post-title\" href=\"https:\/\/culture-pool.com\/?p=550\">Video: Sunlight<\/a><time datetime=\"2025-12-04T18:52:20+01:00\" class=\"wp-block-latest-posts__post-date\">4. Dezember 2025<\/time><div class=\"wp-block-latest-posts__post-excerpt\">Live auf der Freilichtb\u00fchne M\u00fclheim an der Ruhr, 4. Juni 2025 &#x1f3a5; CULTURE POOL &#8211; SUNLIGHT (Official Music Video) Das offizielle Musikvideo zu &#8222;Sunlight&#8220; von Culture Pool \u2013 ein Sommer-Hit voller Energie, Freiheit und guter Vibes. 04.06.2025, Freilichtb\u00fchne, M\u00fclheim an der Ruhr. &#x1f4f1; Folgt Culture Pool: Instagram \u2192 \u00a0\u00a0\/\u00a0klangweltstudio\u00a0\u00a0 YouTube \u2192 \u00a0\u00a0\u00a0\/\u00a0@culturepool9267\u00a0\u00a0 &#x1f3ac; Produktion: Ralf\u2026\u00a0<a class=\"wp-block-latest-posts__read-more\" href=\"https:\/\/culture-pool.com\/?p=550\" rel=\"noopener noreferrer\"><span class=\"screen-reader-text\">Video: Sunlight <\/span>weiterlesen<\/a><\/div><\/li>\n<li><div class=\"wp-block-latest-posts__featured-image aligncenter\"><img loading=\"lazy\" decoding=\"async\" width=\"1024\" height=\"1024\" src=\"https:\/\/culture-pool.com\/wp-content\/uploads\/2025\/06\/2025060401-e1760714968741-1024x1024.jpeg\" class=\"attachment-large size-large wp-post-image\" alt=\"\" style=\"\" srcset=\"https:\/\/culture-pool.com\/wp-content\/uploads\/2025\/06\/2025060401-e1760714968741-1024x1024.jpeg 1024w, https:\/\/culture-pool.com\/wp-content\/uploads\/2025\/06\/2025060401-e1760714968741-300x300.jpeg 300w, https:\/\/culture-pool.com\/wp-content\/uploads\/2025\/06\/2025060401-e1760714968741-150x150.jpeg 150w, https:\/\/culture-pool.com\/wp-content\/uploads\/2025\/06\/2025060401-e1760714968741-768x768.jpeg 768w, https:\/\/culture-pool.com\/wp-content\/uploads\/2025\/06\/2025060401-e1760714968741-400x400.jpeg 400w, https:\/\/culture-pool.com\/wp-content\/uploads\/2025\/06\/2025060401-e1760714968741.jpeg 1512w\" sizes=\"auto, (max-width: 1024px) 100vw, 1024px\" \/><\/div><a class=\"wp-block-latest-posts__post-title\" href=\"https:\/\/culture-pool.com\/?p=345\">Freilichtb\u00fchne M\u00fclheim<\/a><time datetime=\"2025-06-15T10:53:12+01:00\" class=\"wp-block-latest-posts__post-date\">15. Juni 2025<\/time><div class=\"wp-block-latest-posts__post-excerpt\">Am 4. Juni haben wir im Rahmen der allgemein beliebten Mittwochsreihe die wundersch\u00f6ne Freilichtb\u00fchne in M\u00fclheim an der Ruhr bespielt. Nachdem das Wetter den gesamten Tag \u00fcber nicht zu freundlich war, kam p\u00fcnktlich eine Stunde vor Start noch die Sonne heraus und bescherte den G\u00e4sten und uns einen herrlichen Abend. Einen herzlichen Dank an Regler\u2026\u00a0<a class=\"wp-block-latest-posts__read-more\" href=\"https:\/\/culture-pool.com\/?p=345\" rel=\"noopener noreferrer\"><span class=\"screen-reader-text\">Freilichtb\u00fchne M\u00fclheim <\/span>weiterlesen<\/a><\/div><\/li>\n<li><div class=\"wp-block-latest-posts__featured-image aligncenter\"><img loading=\"lazy\" decoding=\"async\" width=\"1024\" height=\"1024\" src=\"https:\/\/culture-pool.com\/wp-content\/uploads\/2024\/08\/Overload-of-Nature_300ppi-1024x1024.jpg\" class=\"attachment-large size-large wp-post-image\" alt=\"\" style=\"\" srcset=\"https:\/\/culture-pool.com\/wp-content\/uploads\/2024\/08\/Overload-of-Nature_300ppi-1024x1024.jpg 1024w, https:\/\/culture-pool.com\/wp-content\/uploads\/2024\/08\/Overload-of-Nature_300ppi-scaled-300x300.jpg 300w, https:\/\/culture-pool.com\/wp-content\/uploads\/2024\/08\/Overload-of-Nature_300ppi-150x150.jpg 150w, https:\/\/culture-pool.com\/wp-content\/uploads\/2024\/08\/Overload-of-Nature_300ppi-768x768.jpg 768w, https:\/\/culture-pool.com\/wp-content\/uploads\/2024\/08\/Overload-of-Nature_300ppi-1536x1536.jpg 1536w, https:\/\/culture-pool.com\/wp-content\/uploads\/2024\/08\/Overload-of-Nature_300ppi-2048x2048.jpg 2048w\" sizes=\"auto, (max-width: 1024px) 100vw, 1024px\" \/><\/div><a class=\"wp-block-latest-posts__post-title\" href=\"https:\/\/culture-pool.com\/?p=112\">Oceans Friends \u2013 Overload of Nature<\/a><time datetime=\"2024-08-15T13:21:00+01:00\" class=\"wp-block-latest-posts__post-date\">15. August 2024<\/time><div class=\"wp-block-latest-posts__post-excerpt\">Unser Bandgr\u00fcnder Ralf hat den Song \u201eThe Overload of Nature\u201c f\u00fcr das von Dirk Ulaszewski ins Leben gerufene Projekt The Oceans Friends geschrieben und aufgenommen. Das Projekt zum Schutz der Meere wird von ehemaligen Wassersportlern der Weltklasse unterst\u00fctzt. Bisher hat das Video knapp unter einer Million Klicks verzeichnen k\u00f6nnen! (Stand M\u00e4rz 2025) Hier seht Ihr\u2026\u00a0<a class=\"wp-block-latest-posts__read-more\" href=\"https:\/\/culture-pool.com\/?p=112\" rel=\"noopener noreferrer\"><span class=\"screen-reader-text\">Oceans Friends \u2013 Overload of Nature <\/span>weiterlesen<\/a><\/div><\/li>\n<\/ul><\/div>\n\n\n\n<div class=\"wp-block-column is-layout-flow wp-block-column-is-layout-flow\" style=\"flex-basis:15%\"><\/div>\n<\/div>\n\n\n\n<div style=\"height:100px\" aria-hidden=\"true\" class=\"wp-block-spacer\"><\/div>\n\n\n\n<hr class=\"wp-block-separator has-alpha-channel-opacity is-style-wide\"\/>\n\n\n\n<div style=\"height:100px\" aria-hidden=\"true\" class=\"wp-block-spacer\"><\/div>\n\n\n\n<p class=\"has-x-large-font-size\">Alle Beitr\u00e4ge<\/p>\n\n\n<ul class=\"wp-block-archives-list wp-block-archives\">\t<li><a href='https:\/\/culture-pool.com\/?m=202512'>Dezember 2025<\/a>&nbsp;(3)<\/li>\n\t<li><a href='https:\/\/culture-pool.com\/?m=202506'>Juni 2025<\/a>&nbsp;(1)<\/li>\n\t<li><a href='https:\/\/culture-pool.com\/?m=202408'>August 2024<\/a>&nbsp;(1)<\/li>\n\t<li><a href='https:\/\/culture-pool.com\/?m=202403'>M\u00e4rz 2024<\/a>&nbsp;(1)<\/li>\n<\/ul>\n\n\n<p><\/p>\n","protected":false},"excerpt":{"rendered":"<p>Alle Beitr\u00e4ge<\/p>\n","protected":false},"author":2,"featured_media":0,"parent":0,"menu_order":0,"comment_status":"closed","ping_status":"closed","template":"","meta":{"_uag_custom_page_level_css":"","footnotes":""},"class_list":["post-72","page","type-page","status-publish","hentry"],"blocksy_meta":[],"uagb_featured_image_src":{"full":false,"thumbnail":false,"medium":false,"medium_large":false,"large":false,"1536x1536":false,"2048x2048":false},"uagb_author_info":{"display_name":"Orun De","author_link":"https:\/\/culture-pool.com\/?author=2"},"uagb_comment_info":0,"uagb_excerpt":"Alle Beitr\u00e4ge","_links":{"self":[{"href":"https:\/\/culture-pool.com\/index.php?rest_route=\/wp\/v2\/pages\/72","targetHints":{"allow":["GET"]}}],"collection":[{"href":"https:\/\/culture-pool.com\/index.php?rest_route=\/wp\/v2\/pages"}],"about":[{"href":"https:\/\/culture-pool.com\/index.php?rest_route=\/wp\/v2\/types\/page"}],"author":[{"embeddable":true,"href":"https:\/\/culture-pool.com\/index.php?rest_route=\/wp\/v2\/users\/2"}],"replies":[{"embeddable":true,"href":"https:\/\/culture-pool.com\/index.php?rest_route=%2Fwp%2Fv2%2Fcomments&post=72"}],"version-history":[{"count":7,"href":"https:\/\/culture-pool.com\/index.php?rest_route=\/wp\/v2\/pages\/72\/revisions"}],"predecessor-version":[{"id":162,"href":"https:\/\/culture-pool.com\/index.php?rest_route=\/wp\/v2\/pages\/72\/revisions\/162"}],"wp:attachment":[{"href":"https:\/\/culture-pool.com\/index.php?rest_route=%2Fwp%2Fv2%2Fmedia&parent=72"}],"curies":[{"name":"wp","href":"https:\/\/api.w.org\/{rel}","templated":true}]}}